{"id":1868,"date":"2025-04-16T18:36:40","date_gmt":"2025-04-16T18:36:40","guid":{"rendered":"https:\/\/bumaudio.com\/rental\/?post_type=product&#038;p=1868"},"modified":"2025-04-16T18:36:40","modified_gmt":"2025-04-16T18:36:40","slug":"microfono-neumann-tlm-103","status":"publish","type":"product","link":"https:\/\/bumaudio.com\/rental\/producto\/microfono-neumann-tlm-103\/","title":{"rendered":"Micr\u00f3fono Neumann TLM 103"},"content":{"rendered":"<p><span style=\"font-weight: 400;\">UN CL\u00c1SICO MODERNO<\/span><\/p>\n<p>&nbsp;<\/p>\n<p><span style=\"font-weight: 400;\">El TLM 103 se ha convertido r\u00e1pidamente en uno de los mayores \u00e9xitos en la historia de Neumann. Su sonido limpio y claro es una actualizaci\u00f3n moderna del cl\u00e1sico U 87. El TLM 103 es un micr\u00f3fono condensador cardioide sin transformador con un aumento sutil de presencia para lograr un sonido bellamente directo con una definici\u00f3n sorprendente y ruido ultra bajo que r\u00e1pidamente lo ha convertido en uno de los mayores \u00e9xitos de la historia de Neumann.<\/span><\/p>\n<p>&nbsp;<\/p>\n<p><span style=\"font-weight: 400;\">APLICACIONES<\/span><\/p>\n<p><span style=\"font-weight: 400;\">El TLM 103 fue dise\u00f1ado principalmente para estudios de proyectos y uso de transmisi\u00f3n, pero debido a su excelente rendimiento, los estudios de renombre pronto lo adoptaron como una alternativa de sonido m\u00e1s moderna al U87, por ejemplo, para vocales, discurso, bater\u00eda, amplificadores de guitarra y piano. El TLM 103 tambi\u00e9n se utiliza a menudo como micr\u00f3fono acentuador en grabaciones cl\u00e1sicas, por ejemplo, para violonchelo y contrabajo.<\/span><\/p>\n<p>&nbsp;<\/p>\n<p><span style=\"font-weight: 400;\">CARACTER\u00cdSTICAS<\/span><\/p>\n<ul>\n<li style=\"font-weight: 400;\" aria-level=\"1\"><span style=\"font-weight: 400;\">C\u00e1psula de diafragma grande derivada del micr\u00f3fono cl\u00e1sico U 87<\/span><\/li>\n<li style=\"font-weight: 400;\" aria-level=\"1\"><span style=\"font-weight: 400;\">Sonido balanceado con presencia realzada<\/span><\/li>\n<li style=\"font-weight: 400;\" aria-level=\"1\"><span style=\"font-weight: 400;\">Patr\u00f3n cardioide<\/span><\/li>\n<li style=\"font-weight: 400;\" aria-level=\"1\"><span style=\"font-weight: 400;\">Circuito sin transformador con una gran capacidad de SPL<\/span><\/li>\n<li style=\"font-weight: 400;\" aria-level=\"1\"><span style=\"font-weight: 400;\">Ruido inherente extremadamente bajo: solo 7 dB-A<\/span><\/li>\n<\/ul>\n","protected":false},"excerpt":{"rendered":"<p><span style=\"font-weight: 400;\">El TLM 103 se ha convertido r\u00e1pidamente en uno de los mayores \u00e9xitos en la historia de Neumann. Su sonido limpio y claro es una actualizaci\u00f3n moderna del cl\u00e1sico U 87. El TLM 103 es un micr\u00f3fono condensador cardioide sin transformador con un aumento sutil de presencia para lograr un sonido bellamente directo con una definici\u00f3n sorprendente y ruido ultra bajo que r\u00e1pidamente lo ha convertido en uno de los mayores \u00e9xitos de la historia de Neumann.<\/span><\/p>\n","protected":false},"featured_media":1869,"template":"","meta":{"site-sidebar-layout":"default","site-content-layout":"","ast-site-content-layout":"default","site-content-style":"default","site-sidebar-style":"default","ast-global-header-display":"","ast-banner-title-visibility":"","ast-main-header-display":"","ast-hfb-above-header-display":"","ast-hfb-below-header-display":"","ast-hfb-mobile-header-display":"","site-post-title":"","ast-breadcrumbs-content":"","ast-featured-img":"","footer-sml-layout":"","theme-transparent-header-meta":"default","adv-header-id-meta":"","stick-header-meta":"","header-above-stick-meta":"","header-main-stick-meta":"","header-below-stick-meta":"","astra-migrate-meta-layouts":"set","ast-page-background-enabled":"default","ast-page-background-meta":{"desktop":{"background-color":"var(--ast-global-color-4)","background-image":"","background-repeat":"repeat","background-position":"center center","background-size":"auto","background-attachment":"scroll","background-type":"","background-media":"","overlay-type":"","overlay-color":"","overlay-opacity":"","overlay-gradient":""},"tablet":{"background-color":"","background-image":"","background-repeat":"repeat","background-position":"center center","background-size":"auto","background-attachment":"scroll","background-type":"","background-media":"","overlay-type":"","overlay-color":"","overlay-opacity":"","overlay-gradient":""},"mobile":{"background-color":"","background-image":"","background-repeat":"repeat","background-position":"center center","background-size":"auto","background-attachment":"scroll","background-type":"","background-media":"","overlay-type":"","overlay-color":"","overlay-opacity":"","overlay-gradient":""}},"ast-content-background-meta":{"desktop":{"background-color":"var(--ast-global-color-5)","background-image":"","background-repeat":"repeat","background-position":"center center","background-size":"auto","background-attachment":"scroll","background-type":"","background-media":"","overlay-type":"","overlay-color":"","overlay-opacity":"","overlay-gradient":""},"tablet":{"background-color":"var(--ast-global-color-5)","background-image":"","background-repeat":"repeat","background-position":"center center","background-size":"auto","background-attachment":"scroll","background-type":"","background-media":"","overlay-type":"","overlay-color":"","overlay-opacity":"","overlay-gradient":""},"mobile":{"background-color":"var(--ast-global-color-5)","background-image":"","background-repeat":"repeat","background-position":"center center","background-size":"auto","background-attachment":"scroll","background-type":"","background-media":"","overlay-type":"","overlay-color":"","overlay-opacity":"","overlay-gradient":""}}},"product_brand":[86],"product_cat":[17],"product_tag":[],"class_list":{"0":"post-1868","1":"product","2":"type-product","3":"status-publish","4":"has-post-thumbnail","6":"product_brand-neumann","7":"product_cat-microfonos","8":"desktop-align-left","9":"tablet-align-left","10":"mobile-align-left","12":"first","13":"instock","14":"shipping-taxable","15":"product-type-simple"},"_links":{"self":[{"href":"https:\/\/bumaudio.com\/rental\/wp-json\/wp\/v2\/product\/1868","targetHints":{"allow":["GET"]}}],"collection":[{"href":"https:\/\/bumaudio.com\/rental\/wp-json\/wp\/v2\/product"}],"about":[{"href":"https:\/\/bumaudio.com\/rental\/wp-json\/wp\/v2\/types\/product"}],"version-history":[{"count":1,"href":"https:\/\/bumaudio.com\/rental\/wp-json\/wp\/v2\/product\/1868\/revisions"}],"predecessor-version":[{"id":1872,"href":"https:\/\/bumaudio.com\/rental\/wp-json\/wp\/v2\/product\/1868\/revisions\/1872"}],"wp:featuredmedia":[{"embeddable":true,"href":"https:\/\/bumaudio.com\/rental\/wp-json\/wp\/v2\/media\/1869"}],"wp:attachment":[{"href":"https:\/\/bumaudio.com\/rental\/wp-json\/wp\/v2\/media?parent=1868"}],"wp:term":[{"taxonomy":"product_brand","embeddable":true,"href":"https:\/\/bumaudio.com\/rental\/wp-json\/wp\/v2\/product_brand?post=1868"},{"taxonomy":"product_cat","embeddable":true,"href":"https:\/\/bumaudio.com\/rental\/wp-json\/wp\/v2\/product_cat?post=1868"},{"taxonomy":"product_tag","embeddable":true,"href":"https:\/\/bumaudio.com\/rental\/wp-json\/wp\/v2\/product_tag?post=1868"}],"curies":[{"name":"wp","href":"https:\/\/api.w.org\/{rel}","templated":true}]}}