{"id":1850,"date":"2025-04-16T18:30:04","date_gmt":"2025-04-16T18:30:04","guid":{"rendered":"https:\/\/bumaudio.com\/rental\/?post_type=product&#038;p=1850"},"modified":"2025-04-16T18:30:05","modified_gmt":"2025-04-16T18:30:05","slug":"microfono-akg-190-e","status":"publish","type":"product","link":"https:\/\/bumaudio.com\/rental\/producto\/microfono-akg-190-e\/","title":{"rendered":"Micr\u00f3fono AKG 190 e"},"content":{"rendered":"<p>Micr\u00f3fono de estudio vintage D190 E, fabricado en Austria por AKG en los a\u00f1os 80:<\/p>\n<p>\u00a1Ideal para guitarra, voz y percusi\u00f3n!<\/p>\n<p>Especificaciones<\/p>\n<p>Principio del transductor: din\u00e1mico<br \/>\nRango de frecuencia: 30\u201315 000 Hz<br \/>\nPatr\u00f3n polar: cardioide<br \/>\nSensibilidad a 1000 Hz: 1,6 mV\/Pa (-56 dBV)<br \/>\nNivel de ruido equivalente: &lt; 20 dB-A<br \/>\nNivel de presi\u00f3n sonora con 1 % de distorsi\u00f3n arm\u00f3nica total (THD): 128 dB<br \/>\nRelaci\u00f3n se\u00f1al\/ruido (ponderada A): &gt; 74 dB<br \/>\nImpedancia el\u00e9ctrica: &lt; 200 ohmios<br \/>\nImpedancia de carga: &gt; 2500 ohmios<br \/>\nRequisitos de alimentaci\u00f3n: ninguno<br \/>\nConector: XLR de 3 pines<br \/>\nLongitud del cable: ninguno<br \/>\nAcabado: n\u00edquel satinado<br \/>\nTama\u00f1o: di\u00e1metro del cabezal 40 mm (1,6 pulg.)<br \/>\nLongitud total: 161 mm (6,3 pulg.)<br \/>\nPeso neto\/de env\u00edo: 180 g\/520 g (6,3 oz\/1,1 lb)<\/p>\n","protected":false},"excerpt":{"rendered":"<p>Micr\u00f3fono de estudio vintage D190 E, fabricado en Austria por AKG en los a\u00f1os 80:<\/p>\n<p>\u00a1Ideal para guitarra, voz y percusi\u00f3n!<\/p>\n","protected":false},"featured_media":1853,"template":"","meta":{"site-sidebar-layout":"default","site-content-layout":"","ast-site-content-layout":"default","site-content-style":"default","site-sidebar-style":"default","ast-global-header-display":"","ast-banner-title-visibility":"","ast-main-header-display":"","ast-hfb-above-header-display":"","ast-hfb-below-header-display":"","ast-hfb-mobile-header-display":"","site-post-title":"","ast-breadcrumbs-content":"","ast-featured-img":"","footer-sml-layout":"","theme-transparent-header-meta":"default","adv-header-id-meta":"","stick-header-meta":"","header-above-stick-meta":"","header-main-stick-meta":"","header-below-stick-meta":"","astra-migrate-meta-layouts":"set","ast-page-background-enabled":"default","ast-page-background-meta":{"desktop":{"background-color":"var(--ast-global-color-4)","background-image":"","background-repeat":"repeat","background-position":"center center","background-size":"auto","background-attachment":"scroll","background-type":"","background-media":"","overlay-type":"","overlay-color":"","overlay-opacity":"","overlay-gradient":""},"tablet":{"background-color":"","background-image":"","background-repeat":"repeat","background-position":"center center","background-size":"auto","background-attachment":"scroll","background-type":"","background-media":"","overlay-type":"","overlay-color":"","overlay-opacity":"","overlay-gradient":""},"mobile":{"background-color":"","background-image":"","background-repeat":"repeat","background-position":"center center","background-size":"auto","background-attachment":"scroll","background-type":"","background-media":"","overlay-type":"","overlay-color":"","overlay-opacity":"","overlay-gradient":""}},"ast-content-background-meta":{"desktop":{"background-color":"var(--ast-global-color-5)","background-image":"","background-repeat":"repeat","background-position":"center center","background-size":"auto","background-attachment":"scroll","background-type":"","background-media":"","overlay-type":"","overlay-color":"","overlay-opacity":"","overlay-gradient":""},"tablet":{"background-color":"var(--ast-global-color-5)","background-image":"","background-repeat":"repeat","background-position":"center center","background-size":"auto","background-attachment":"scroll","background-type":"","background-media":"","overlay-type":"","overlay-color":"","overlay-opacity":"","overlay-gradient":""},"mobile":{"background-color":"var(--ast-global-color-5)","background-image":"","background-repeat":"repeat","background-position":"center center","background-size":"auto","background-attachment":"scroll","background-type":"","background-media":"","overlay-type":"","overlay-color":"","overlay-opacity":"","overlay-gradient":""}}},"product_brand":[84],"product_cat":[17],"product_tag":[],"class_list":{"0":"post-1850","1":"product","2":"type-product","3":"status-publish","4":"has-post-thumbnail","6":"product_brand-akg","7":"product_cat-microfonos","8":"desktop-align-left","9":"tablet-align-left","10":"mobile-align-left","12":"first","13":"instock","14":"shipping-taxable","15":"product-type-simple"},"_links":{"self":[{"href":"https:\/\/bumaudio.com\/rental\/wp-json\/wp\/v2\/product\/1850","targetHints":{"allow":["GET"]}}],"collection":[{"href":"https:\/\/bumaudio.com\/rental\/wp-json\/wp\/v2\/product"}],"about":[{"href":"https:\/\/bumaudio.com\/rental\/wp-json\/wp\/v2\/types\/product"}],"version-history":[{"count":1,"href":"https:\/\/bumaudio.com\/rental\/wp-json\/wp\/v2\/product\/1850\/revisions"}],"predecessor-version":[{"id":1856,"href":"https:\/\/bumaudio.com\/rental\/wp-json\/wp\/v2\/product\/1850\/revisions\/1856"}],"wp:featuredmedia":[{"embeddable":true,"href":"https:\/\/bumaudio.com\/rental\/wp-json\/wp\/v2\/media\/1853"}],"wp:attachment":[{"href":"https:\/\/bumaudio.com\/rental\/wp-json\/wp\/v2\/media?parent=1850"}],"wp:term":[{"taxonomy":"product_brand","embeddable":true,"href":"https:\/\/bumaudio.com\/rental\/wp-json\/wp\/v2\/product_brand?post=1850"},{"taxonomy":"product_cat","embeddable":true,"href":"https:\/\/bumaudio.com\/rental\/wp-json\/wp\/v2\/product_cat?post=1850"},{"taxonomy":"product_tag","embeddable":true,"href":"https:\/\/bumaudio.com\/rental\/wp-json\/wp\/v2\/product_tag?post=1850"}],"curies":[{"name":"wp","href":"https:\/\/api.w.org\/{rel}","templated":true}]}}